

{"id":303,"date":"2019-10-27T14:32:23","date_gmt":"2019-10-27T14:32:23","guid":{"rendered":"http:\/\/www.gfaop.org\/institut\/?page_id=303"},"modified":"2021-03-14T08:32:29","modified_gmt":"2021-03-14T07:32:29","slug":"formations-pluridisciplinaires-institut-jeanlemerle-gfaop","status":"publish","type":"page","link":"https:\/\/www.gfaop.org\/institut\/formations-pluridisciplinaires-institut-jeanlemerle-gfaop\/","title":{"rendered":"FORMATIONS PLURIDISCIPLINAIRES"},"content":{"rendered":"\t\t<div data-elementor-type=\"wp-post\" data-elementor-id=\"303\" class=\"elementor elementor-303\">\n\t\t\t\t\t\t\t\t\t<section class=\"elementor-section elementor-top-section elementor-element elementor-element-7f2295f elementor-section-boxed elementor-section-height-default elementor-section-height-default\" data-id=\"7f2295f\" data-element_type=\"section\">\n\t\t\t\t\t\t<div class=\"elementor-container elementor-column-gap-default\">\n\t\t\t\t\t<div class=\"elementor-column elementor-col-50 elementor-top-column elementor-element elementor-element-a2e5c03\" data-id=\"a2e5c03\" data-element_type=\"column\">\n\t\t\t<div class=\"elementor-widget-wrap elementor-element-populated\">\n\t\t\t\t\t\t\t\t<section class=\"elementor-section elementor-inner-section elementor-element elementor-element-bfc428f elementor-section-boxed elementor-section-height-default elementor-section-height-default\" data-id=\"bfc428f\" data-element_type=\"section\">\n\t\t\t\t\t\t<div class=\"elementor-container elementor-column-gap-default\">\n\t\t\t\t\t<div class=\"elementor-column elementor-col-100 elementor-inner-column elementor-element elementor-element-95f8fba\" data-id=\"95f8fba\" data-element_type=\"column\">\n\t\t\t<div class=\"elementor-widget-wrap elementor-element-populated\">\n\t\t\t\t\t\t\t\t<div class=\"elementor-element elementor-element-4f7072d elementor-widget elementor-widget-heading\" data-id=\"4f7072d\" data-element_type=\"widget\" data-widget_type=\"heading.default\">\n\t\t\t\t<div class=\"elementor-widget-container\">\n\t\t\t<h1 class=\"elementor-heading-title elementor-size-default\">Les formations pluridisciplinaires<\/h1>\t\t<\/div>\n\t\t\t\t<\/div>\n\t\t\t\t<div class=\"elementor-element elementor-element-66cb1b6 elementor-widget elementor-widget-text-editor\" data-id=\"66cb1b6\" data-element_type=\"widget\" data-widget_type=\"text-editor.default\">\n\t\t\t\t<div class=\"elementor-widget-container\">\n\t\t\t\t\t\t\t<p><b>La canc\u00e9rologie p\u00e9diatrique fait appel \u00e0 de nombreuses sp\u00e9cialit\u00e9s.<\/b><\/p><p>Pour renforcer la concertation et la coordination pluridisciplinaires, ces formations sont destin\u00e9es aux diff\u00e9rents sp\u00e9cialistes impliqu\u00e9s dans la prise en charge des cancers de l\u2019enfant.<\/p><p><strong>Quel est l&#8217;objectif de la formation ?<\/strong><\/p><p>Que dans chaque unit\u00e9 soient \u00e9tablis des guides de prise en charge adapt\u00e9s \u00e0 leur environnement d\u2019exercice.<\/p><p>Apr\u00e8s une formation en pr\u00e9sentiel, des ateliers sont mis en place dans chaque pays pour finaliser des guides m\u00e9thodologiques par types de cancer et\u00a0 m\u00e9decins sp\u00e9cialistes concern\u00e9s par le traitement de la pathologie.<\/p><p>Cette \u00e9tape est pr\u00e9alable \u00e0 la mise en place avec tous les acteurs de R\u00e9unions de concertation pluridisciplinaires (RCP) en vue d\u2019\u2019am\u00e9liorer la prise en charge des enfants atteints de cance<\/p><p><strong>A qui s&#8217;adresse la formation?<\/strong><\/p><p>P\u00e9diatres oncologues, radiologues, chirurgiens, anatomopathologistes, radioth\u00e9rapeutes<\/p><p>\u00a0<\/p>\t\t\t\t\t\t<\/div>\n\t\t\t\t<\/div>\n\t\t\t\t\t<\/div>\n\t\t<\/div>\n\t\t\t\t\t\t\t<\/div>\n\t\t<\/section>\n\t\t\t\t\t<\/div>\n\t\t<\/div>\n\t\t\t\t<div class=\"elementor-column elementor-col-50 elementor-top-column elementor-element elementor-element-65f73cd\" data-id=\"65f73cd\" data-element_type=\"column\">\n\t\t\t<div class=\"elementor-widget-wrap elementor-element-populated\">\n\t\t\t\t\t\t\t\t<section class=\"elementor-section elementor-inner-section elementor-element elementor-element-19f8be1 elementor-section-boxed elementor-section-height-default elementor-section-height-default\" data-id=\"19f8be1\" data-element_type=\"section\">\n\t\t\t\t\t\t<div class=\"elementor-container elementor-column-gap-default\">\n\t\t\t\t\t<div class=\"elementor-column elementor-col-100 elementor-inner-column elementor-element elementor-element-3b0dcab\" data-id=\"3b0dcab\" data-element_type=\"column\" data-settings=\"{&quot;background_background&quot;:&quot;classic&quot;}\">\n\t\t\t<div class=\"elementor-widget-wrap elementor-element-populated\">\n\t\t\t\t\t<div class=\"elementor-background-overlay\"><\/div>\n\t\t\t\t\t\t\t\t<div class=\"elementor-element elementor-element-ab26fa8 elementor-view-default elementor-position-top elementor-mobile-position-top elementor-widget elementor-widget-icon-box\" data-id=\"ab26fa8\" data-element_type=\"widget\" data-widget_type=\"icon-box.default\">\n\t\t\t\t<div class=\"elementor-widget-container\">\n\t\t\t\t\t<div class=\"elementor-icon-box-wrapper\">\n\t\t\t\t\t\t<div class=\"elementor-icon-box-icon\">\n\t\t\t\t<span  class=\"elementor-icon elementor-animation-\">\n\t\t\t\t<i aria-hidden=\"true\" class=\"faseci font2114646940-users-outline\"><\/i>\t\t\t\t<\/span>\n\t\t\t<\/div>\n\t\t\t\t\t\t<div class=\"elementor-icon-box-content\">\n\t\t\t\t<h3 class=\"elementor-icon-box-title\">\n\t\t\t\t\t<span  >\n\t\t\t\t\t\tPluridisciplinarit\u00e9\t\t\t\t\t<\/span>\n\t\t\t\t<\/h3>\n\t\t\t\t\t\t\t<\/div>\n\t\t<\/div>\n\t\t\t\t<\/div>\n\t\t\t\t<\/div>\n\t\t\t\t<div class=\"elementor-element elementor-element-75d0a7c elementor-widget-divider--view-line elementor-widget elementor-widget-divider\" data-id=\"75d0a7c\" data-element_type=\"widget\" data-widget_type=\"divider.default\">\n\t\t\t\t<div class=\"elementor-widget-container\">\n\t\t\t\t\t<div class=\"elementor-divider\">\n\t\t\t<span class=\"elementor-divider-separator\">\n\t\t\t\t\t\t<\/span>\n\t\t<\/div>\n\t\t\t\t<\/div>\n\t\t\t\t<\/div>\n\t\t\t\t<div class=\"elementor-element elementor-element-753f035 elementor-align-center elementor-icon-list--layout-traditional elementor-list-item-link-full_width elementor-widget elementor-widget-icon-list\" data-id=\"753f035\" data-element_type=\"widget\" data-widget_type=\"icon-list.default\">\n\t\t\t\t<div class=\"elementor-widget-container\">\n\t\t\t\t\t<ul class=\"elementor-icon-list-items\">\n\t\t\t\t\t\t\t<li class=\"elementor-icon-list-item\">\n\t\t\t\t\t\t\t\t\t\t\t<a href=\"https:\/\/www.gfaop.org\/institut\/formations-pluridisciplinaires\/\">\n\n\t\t\t\t\t\t\t\t\t\t\t<span class=\"elementor-icon-list-text\">Pr\u00e9sentation<\/span>\n\t\t\t\t\t\t\t\t\t\t\t<\/a>\n\t\t\t\t\t\t\t\t\t<\/li>\n\t\t\t\t\t\t\t\t<li class=\"elementor-icon-list-item\">\n\t\t\t\t\t\t\t\t\t\t<span class=\"elementor-icon-list-text\">Espace membre<\/span>\n\t\t\t\t\t\t\t\t\t<\/li>\n\t\t\t\t\t\t<\/ul>\n\t\t\t\t<\/div>\n\t\t\t\t<\/div>\n\t\t\t\t\t<\/div>\n\t\t<\/div>\n\t\t\t\t\t\t\t<\/div>\n\t\t<\/section>\n\t\t\t\t\t<\/div>\n\t\t<\/div>\n\t\t\t\t\t\t\t<\/div>\n\t\t<\/section>\n\t\t\t\t<section class=\"elementor-section elementor-top-section elementor-element elementor-element-f72f604 elementor-section-boxed elementor-section-height-default elementor-section-height-default\" data-id=\"f72f604\" data-element_type=\"section\">\n\t\t\t\t\t\t<div class=\"elementor-container elementor-column-gap-default\">\n\t\t\t\t\t<div class=\"elementor-column elementor-col-33 elementor-top-column elementor-element elementor-element-a7db39d\" data-id=\"a7db39d\" data-element_type=\"column\">\n\t\t\t<div class=\"elementor-widget-wrap elementor-element-populated\">\n\t\t\t\t\t\t\t\t<div class=\"elementor-element elementor-element-05f916a elementor-widget elementor-widget-image\" data-id=\"05f916a\" data-element_type=\"widget\" data-widget_type=\"image.default\">\n\t\t\t\t<div class=\"elementor-widget-container\">\n\t\t\t\t\t\t\t\t\t\t\t\t<figure class=\"wp-caption\">\n\t\t\t\t\t\t\t\t\t\t\t<a href=\"https:\/\/www.gfaop.org\/institut\/wp-content\/uploads\/sites\/3\/2019\/10\/formation-IJL-Pluridisc-N2-1.jpg\" data-elementor-open-lightbox=\"yes\" data-elementor-lightbox-title=\"formation IJL Pluridisc N2\" data-e-action-hash=\"#elementor-action%3Aaction%3Dlightbox%26settings%3DeyJpZCI6IjQwNiIsInVybCI6Imh0dHBzOlwvXC93d3cuZ2Zhb3Aub3JnXC9pbnN0aXR1dFwvd3AtY29udGVudFwvdXBsb2Fkc1wvc2l0ZXNcLzNcLzIwMTlcLzEwXC9mb3JtYXRpb24tSUpMLVBsdXJpZGlzYy1OMi0xLmpwZyJ9\">\n\t\t\t\t\t\t\t<img decoding=\"async\" loading=\"lazy\" width=\"800\" height=\"600\" src=\"https:\/\/www.gfaop.org\/institut\/wp-content\/uploads\/sites\/3\/2019\/10\/formation-IJL-Pluridisc-N2-1-1024x768.jpg\" class=\"attachment-large size-large wp-image-406\" alt=\"\" srcset=\"https:\/\/www.gfaop.org\/institut\/wp-content\/uploads\/sites\/3\/2019\/10\/formation-IJL-Pluridisc-N2-1-1024x768.jpg 1024w, https:\/\/www.gfaop.org\/institut\/wp-content\/uploads\/sites\/3\/2019\/10\/formation-IJL-Pluridisc-N2-1-300x225.jpg 300w, https:\/\/www.gfaop.org\/institut\/wp-content\/uploads\/sites\/3\/2019\/10\/formation-IJL-Pluridisc-N2-1-768x576.jpg 768w, https:\/\/www.gfaop.org\/institut\/wp-content\/uploads\/sites\/3\/2019\/10\/formation-IJL-Pluridisc-N2-1.jpg 1440w\" sizes=\"(max-width: 800px) 100vw, 800px\" \/>\t\t\t\t\t\t\t\t<\/a>\n\t\t\t\t\t\t\t\t\t\t\t<figcaption class=\"widget-image-caption wp-caption-text\">Formation Pluridisciplinaire \u00e0 Dakar<\/figcaption>\n\t\t\t\t\t\t\t\t\t\t<\/figure>\n\t\t\t\t\t\t\t\t\t<\/div>\n\t\t\t\t<\/div>\n\t\t\t\t\t<\/div>\n\t\t<\/div>\n\t\t\t\t<div class=\"elementor-column elementor-col-33 elementor-top-column elementor-element elementor-element-1550536\" data-id=\"1550536\" data-element_type=\"column\">\n\t\t\t<div class=\"elementor-widget-wrap elementor-element-populated\">\n\t\t\t\t\t\t\t\t<div class=\"elementor-element elementor-element-6eb9c78 elementor-widget elementor-widget-image\" data-id=\"6eb9c78\" data-element_type=\"widget\" data-widget_type=\"image.default\">\n\t\t\t\t<div class=\"elementor-widget-container\">\n\t\t\t\t\t\t\t\t\t\t\t\t\t\t\t\t<a href=\"https:\/\/www.gfaop.org\/institut\/wp-content\/uploads\/sites\/3\/2019\/10\/formation-pluri-3jpg-copie.jpg\" data-elementor-open-lightbox=\"yes\" data-elementor-lightbox-title=\"formation pluri 3jpg copie\" data-e-action-hash=\"#elementor-action%3Aaction%3Dlightbox%26settings%3DeyJpZCI6IjQwNCIsInVybCI6Imh0dHBzOlwvXC93d3cuZ2Zhb3Aub3JnXC9pbnN0aXR1dFwvd3AtY29udGVudFwvdXBsb2Fkc1wvc2l0ZXNcLzNcLzIwMTlcLzEwXC9mb3JtYXRpb24tcGx1cmktM2pwZy1jb3BpZS5qcGcifQ%3D%3D\">\n\t\t\t\t\t\t\t<img decoding=\"async\" loading=\"lazy\" width=\"800\" height=\"600\" src=\"https:\/\/www.gfaop.org\/institut\/wp-content\/uploads\/sites\/3\/2019\/10\/formation-pluri-3jpg-copie-1024x768.jpg\" class=\"attachment-large size-large wp-image-404\" alt=\"\" srcset=\"https:\/\/www.gfaop.org\/institut\/wp-content\/uploads\/sites\/3\/2019\/10\/formation-pluri-3jpg-copie-1024x768.jpg 1024w, https:\/\/www.gfaop.org\/institut\/wp-content\/uploads\/sites\/3\/2019\/10\/formation-pluri-3jpg-copie-300x225.jpg 300w, https:\/\/www.gfaop.org\/institut\/wp-content\/uploads\/sites\/3\/2019\/10\/formation-pluri-3jpg-copie-768x576.jpg 768w, https:\/\/www.gfaop.org\/institut\/wp-content\/uploads\/sites\/3\/2019\/10\/formation-pluri-3jpg-copie.jpg 1440w\" sizes=\"(max-width: 800px) 100vw, 800px\" \/>\t\t\t\t\t\t\t\t<\/a>\n\t\t\t\t\t\t\t\t\t\t\t\t\t\t\t<\/div>\n\t\t\t\t<\/div>\n\t\t\t\t\t<\/div>\n\t\t<\/div>\n\t\t\t\t<div class=\"elementor-column elementor-col-33 elementor-top-column elementor-element elementor-element-d0ac117\" data-id=\"d0ac117\" data-element_type=\"column\">\n\t\t\t<div class=\"elementor-widget-wrap elementor-element-populated\">\n\t\t\t\t\t\t\t\t<div class=\"elementor-element elementor-element-7b1ba8d elementor-widget elementor-widget-image\" data-id=\"7b1ba8d\" data-element_type=\"widget\" data-widget_type=\"image.default\">\n\t\t\t\t<div class=\"elementor-widget-container\">\n\t\t\t\t\t\t\t\t\t\t\t\t\t\t\t\t<a href=\"https:\/\/www.gfaop.org\/institut\/wp-content\/uploads\/sites\/3\/2019\/10\/FORMATION-IJL-IJLphoto-formation-pluridisc-17.50.28.jpg\" data-elementor-open-lightbox=\"yes\" data-elementor-lightbox-title=\"FORMATION IJL IJLphoto formation pluridisc 17.50.28\" data-e-action-hash=\"#elementor-action%3Aaction%3Dlightbox%26settings%3DeyJpZCI6IjQwNSIsInVybCI6Imh0dHBzOlwvXC93d3cuZ2Zhb3Aub3JnXC9pbnN0aXR1dFwvd3AtY29udGVudFwvdXBsb2Fkc1wvc2l0ZXNcLzNcLzIwMTlcLzEwXC9GT1JNQVRJT04tSUpMLUlKTHBob3RvLWZvcm1hdGlvbi1wbHVyaWRpc2MtMTcuNTAuMjguanBnIn0%3D\">\n\t\t\t\t\t\t\t<img decoding=\"async\" loading=\"lazy\" width=\"800\" height=\"404\" src=\"https:\/\/www.gfaop.org\/institut\/wp-content\/uploads\/sites\/3\/2019\/10\/FORMATION-IJL-IJLphoto-formation-pluridisc-17.50.28-1024x517.jpg\" class=\"attachment-large size-large wp-image-405\" alt=\"\" srcset=\"https:\/\/www.gfaop.org\/institut\/wp-content\/uploads\/sites\/3\/2019\/10\/FORMATION-IJL-IJLphoto-formation-pluridisc-17.50.28-1024x517.jpg 1024w, https:\/\/www.gfaop.org\/institut\/wp-content\/uploads\/sites\/3\/2019\/10\/FORMATION-IJL-IJLphoto-formation-pluridisc-17.50.28-300x152.jpg 300w, https:\/\/www.gfaop.org\/institut\/wp-content\/uploads\/sites\/3\/2019\/10\/FORMATION-IJL-IJLphoto-formation-pluridisc-17.50.28-768x388.jpg 768w, https:\/\/www.gfaop.org\/institut\/wp-content\/uploads\/sites\/3\/2019\/10\/FORMATION-IJL-IJLphoto-formation-pluridisc-17.50.28.jpg 1920w\" sizes=\"(max-width: 800px) 100vw, 800px\" \/>\t\t\t\t\t\t\t\t<\/a>\n\t\t\t\t\t\t\t\t\t\t\t\t\t\t\t<\/div>\n\t\t\t\t<\/div>\n\t\t\t\t\t<\/div>\n\t\t<\/div>\n\t\t\t\t\t\t\t<\/div>\n\t\t<\/section>\n\t\t\t\t\t\t\t<\/div>\n\t\t","protected":false},"excerpt":{"rendered":"<p>Les formations pluridisciplinaires La canc\u00e9rologie p\u00e9diatrique fait appel \u00e0 de nombreuses sp\u00e9cialit\u00e9s. Pour renforcer la concertation et la coordination pluridisciplinaires, ces formations sont destin\u00e9es aux diff\u00e9rents sp\u00e9cialistes impliqu\u00e9s dans la prise en charge des cancers de l\u2019enfant. Quel est l&#8217;objectif de la formation ? Que dans chaque unit\u00e9 soient \u00e9tablis des guides de prise en [&hellip;]<\/p>\n","protected":false},"author":1,"featured_media":0,"parent":0,"menu_order":0,"comment_status":"closed","ping_status":"closed","template":"elementor_header_footer","meta":{"footnotes":"","_links_to":"","_links_to_target":""},"yoast_head":"<!-- This site is optimized with the Yoast SEO Premium plugin v20.4 (Yoast SEO v20.4) - https:\/\/yoast.com\/wordpress\/plugins\/seo\/ -->\n<title>FORMATIONS PLURIDISCIPLINAIRES - Institut Jean Lemerle<\/title>\n<meta name=\"description\" content=\"L&#039;institut Jean Lemerle-gfaop propose des formations pluridisciplinaires d\u00e9di\u00e9es aux sp\u00e9cialistes mobilis\u00e9s dans le traitement des cancers\" \/>\n<meta name=\"robots\" content=\"index, follow, max-snippet:-1, max-image-preview:large, max-video-preview:-1\" \/>\n<link rel=\"canonical\" href=\"https:\/\/www.gfaop.org\/institut\/formations-pluridisciplinaires-institut-jeanlemerle-gfaop\/\" \/>\n<meta property=\"og:locale\" content=\"fr_FR\" \/>\n<meta property=\"og:type\" content=\"article\" \/>\n<meta property=\"og:title\" content=\"FORMATIONS PLURIDISCIPLINAIRES\" \/>\n<meta property=\"og:description\" content=\"L&#039;institut Jean Lemerle-gfaop propose des formations pluridisciplinaires d\u00e9di\u00e9es aux sp\u00e9cialistes mobilis\u00e9s dans le traitement des cancers\" \/>\n<meta property=\"og:url\" content=\"https:\/\/www.gfaop.org\/institut\/formations-pluridisciplinaires-institut-jeanlemerle-gfaop\/\" \/>\n<meta property=\"og:site_name\" content=\"Institut Jean Lemerle\" \/>\n<meta property=\"article:modified_time\" content=\"2021-03-14T07:32:29+00:00\" \/>\n<meta property=\"og:image\" content=\"https:\/\/www.gfaop.org\/institut\/wp-content\/uploads\/sites\/3\/2019\/10\/formation-IJL-Pluridisc-N2-1-1024x768.jpg\" \/>\n<meta name=\"twitter:card\" content=\"summary_large_image\" \/>\n<meta name=\"twitter:label1\" content=\"Dur\u00e9e de lecture estim\u00e9e\" \/>\n\t<meta name=\"twitter:data1\" content=\"1 minute\" \/>\n<script type=\"application\/ld+json\" class=\"yoast-schema-graph\">{\"@context\":\"https:\/\/schema.org\",\"@graph\":[{\"@type\":\"WebPage\",\"@id\":\"https:\/\/www.gfaop.org\/institut\/formations-pluridisciplinaires-institut-jeanlemerle-gfaop\/\",\"url\":\"https:\/\/www.gfaop.org\/institut\/formations-pluridisciplinaires-institut-jeanlemerle-gfaop\/\",\"name\":\"FORMATIONS PLURIDISCIPLINAIRES - Institut Jean Lemerle\",\"isPartOf\":{\"@id\":\"https:\/\/www.gfaop.org\/institut\/#website\"},\"datePublished\":\"2019-10-27T14:32:23+00:00\",\"dateModified\":\"2021-03-14T07:32:29+00:00\",\"description\":\"L'institut Jean Lemerle-gfaop propose des formations pluridisciplinaires d\u00e9di\u00e9es aux sp\u00e9cialistes mobilis\u00e9s dans le traitement des cancers\",\"breadcrumb\":{\"@id\":\"https:\/\/www.gfaop.org\/institut\/formations-pluridisciplinaires-institut-jeanlemerle-gfaop\/#breadcrumb\"},\"inLanguage\":\"fr-FR\",\"potentialAction\":[{\"@type\":\"ReadAction\",\"target\":[\"https:\/\/www.gfaop.org\/institut\/formations-pluridisciplinaires-institut-jeanlemerle-gfaop\/\"]}]},{\"@type\":\"BreadcrumbList\",\"@id\":\"https:\/\/www.gfaop.org\/institut\/formations-pluridisciplinaires-institut-jeanlemerle-gfaop\/#breadcrumb\",\"itemListElement\":[{\"@type\":\"ListItem\",\"position\":1,\"name\":\"Accueil\",\"item\":\"https:\/\/www.gfaop.org\/institut\/\"},{\"@type\":\"ListItem\",\"position\":2,\"name\":\"FORMATIONS PLURIDISCIPLINAIRES\"}]},{\"@type\":\"WebSite\",\"@id\":\"https:\/\/www.gfaop.org\/institut\/#website\",\"url\":\"https:\/\/www.gfaop.org\/institut\/\",\"name\":\"Institut Jean Lemerle\",\"description\":\"\",\"publisher\":{\"@id\":\"https:\/\/www.gfaop.org\/institut\/#organization\"},\"potentialAction\":[{\"@type\":\"SearchAction\",\"target\":{\"@type\":\"EntryPoint\",\"urlTemplate\":\"https:\/\/www.gfaop.org\/institut\/?s={search_term_string}\"},\"query-input\":\"required name=search_term_string\"}],\"inLanguage\":\"fr-FR\"},{\"@type\":\"Organization\",\"@id\":\"https:\/\/www.gfaop.org\/institut\/#organization\",\"name\":\"Institut Jean Lemerle\",\"url\":\"https:\/\/www.gfaop.org\/institut\/\",\"logo\":{\"@type\":\"ImageObject\",\"inLanguage\":\"fr-FR\",\"@id\":\"https:\/\/www.gfaop.org\/institut\/#\/schema\/logo\/image\/\",\"url\":\"https:\/\/www.gfaop.org\/institut\/wp-content\/uploads\/sites\/3\/2024\/03\/GFAOP_Logo_Horizontal_baseline_sans_fond.png\",\"contentUrl\":\"https:\/\/www.gfaop.org\/institut\/wp-content\/uploads\/sites\/3\/2024\/03\/GFAOP_Logo_Horizontal_baseline_sans_fond.png\",\"width\":6211,\"height\":1821,\"caption\":\"Institut Jean Lemerle\"},\"image\":{\"@id\":\"https:\/\/www.gfaop.org\/institut\/#\/schema\/logo\/image\/\"}}]}<\/script>\n<!-- \/ Yoast SEO Premium plugin. -->","yoast_head_json":{"title":"FORMATIONS PLURIDISCIPLINAIRES - Institut Jean Lemerle","description":"L'institut Jean Lemerle-gfaop propose des formations pluridisciplinaires d\u00e9di\u00e9es aux sp\u00e9cialistes mobilis\u00e9s dans le traitement des cancers","robots":{"index":"index","follow":"follow","max-snippet":"max-snippet:-1","max-image-preview":"max-image-preview:large","max-video-preview":"max-video-preview:-1"},"canonical":"https:\/\/www.gfaop.org\/institut\/formations-pluridisciplinaires-institut-jeanlemerle-gfaop\/","og_locale":"fr_FR","og_type":"article","og_title":"FORMATIONS PLURIDISCIPLINAIRES","og_description":"L'institut Jean Lemerle-gfaop propose des formations pluridisciplinaires d\u00e9di\u00e9es aux sp\u00e9cialistes mobilis\u00e9s dans le traitement des cancers","og_url":"https:\/\/www.gfaop.org\/institut\/formations-pluridisciplinaires-institut-jeanlemerle-gfaop\/","og_site_name":"Institut Jean Lemerle","article_modified_time":"2021-03-14T07:32:29+00:00","og_image":[{"url":"https:\/\/www.gfaop.org\/institut\/wp-content\/uploads\/sites\/3\/2019\/10\/formation-IJL-Pluridisc-N2-1-1024x768.jpg"}],"twitter_card":"summary_large_image","twitter_misc":{"Dur\u00e9e de lecture estim\u00e9e":"1 minute"},"schema":{"@context":"https:\/\/schema.org","@graph":[{"@type":"WebPage","@id":"https:\/\/www.gfaop.org\/institut\/formations-pluridisciplinaires-institut-jeanlemerle-gfaop\/","url":"https:\/\/www.gfaop.org\/institut\/formations-pluridisciplinaires-institut-jeanlemerle-gfaop\/","name":"FORMATIONS PLURIDISCIPLINAIRES - Institut Jean Lemerle","isPartOf":{"@id":"https:\/\/www.gfaop.org\/institut\/#website"},"datePublished":"2019-10-27T14:32:23+00:00","dateModified":"2021-03-14T07:32:29+00:00","description":"L'institut Jean Lemerle-gfaop propose des formations pluridisciplinaires d\u00e9di\u00e9es aux sp\u00e9cialistes mobilis\u00e9s dans le traitement des cancers","breadcrumb":{"@id":"https:\/\/www.gfaop.org\/institut\/formations-pluridisciplinaires-institut-jeanlemerle-gfaop\/#breadcrumb"},"inLanguage":"fr-FR","potentialAction":[{"@type":"ReadAction","target":["https:\/\/www.gfaop.org\/institut\/formations-pluridisciplinaires-institut-jeanlemerle-gfaop\/"]}]},{"@type":"BreadcrumbList","@id":"https:\/\/www.gfaop.org\/institut\/formations-pluridisciplinaires-institut-jeanlemerle-gfaop\/#breadcrumb","itemListElement":[{"@type":"ListItem","position":1,"name":"Accueil","item":"https:\/\/www.gfaop.org\/institut\/"},{"@type":"ListItem","position":2,"name":"FORMATIONS PLURIDISCIPLINAIRES"}]},{"@type":"WebSite","@id":"https:\/\/www.gfaop.org\/institut\/#website","url":"https:\/\/www.gfaop.org\/institut\/","name":"Institut Jean Lemerle","description":"","publisher":{"@id":"https:\/\/www.gfaop.org\/institut\/#organization"},"potentialAction":[{"@type":"SearchAction","target":{"@type":"EntryPoint","urlTemplate":"https:\/\/www.gfaop.org\/institut\/?s={search_term_string}"},"query-input":"required name=search_term_string"}],"inLanguage":"fr-FR"},{"@type":"Organization","@id":"https:\/\/www.gfaop.org\/institut\/#organization","name":"Institut Jean Lemerle","url":"https:\/\/www.gfaop.org\/institut\/","logo":{"@type":"ImageObject","inLanguage":"fr-FR","@id":"https:\/\/www.gfaop.org\/institut\/#\/schema\/logo\/image\/","url":"https:\/\/www.gfaop.org\/institut\/wp-content\/uploads\/sites\/3\/2024\/03\/GFAOP_Logo_Horizontal_baseline_sans_fond.png","contentUrl":"https:\/\/www.gfaop.org\/institut\/wp-content\/uploads\/sites\/3\/2024\/03\/GFAOP_Logo_Horizontal_baseline_sans_fond.png","width":6211,"height":1821,"caption":"Institut Jean Lemerle"},"image":{"@id":"https:\/\/www.gfaop.org\/institut\/#\/schema\/logo\/image\/"}}]}},"_links":{"self":[{"href":"https:\/\/www.gfaop.org\/institut\/wp-json\/wp\/v2\/pages\/303"}],"collection":[{"href":"https:\/\/www.gfaop.org\/institut\/wp-json\/wp\/v2\/pages"}],"about":[{"href":"https:\/\/www.gfaop.org\/institut\/wp-json\/wp\/v2\/types\/page"}],"author":[{"embeddable":true,"href":"https:\/\/www.gfaop.org\/institut\/wp-json\/wp\/v2\/users\/1"}],"replies":[{"embeddable":true,"href":"https:\/\/www.gfaop.org\/institut\/wp-json\/wp\/v2\/comments?post=303"}],"version-history":[{"count":7,"href":"https:\/\/www.gfaop.org\/institut\/wp-json\/wp\/v2\/pages\/303\/revisions"}],"predecessor-version":[{"id":1527,"href":"https:\/\/www.gfaop.org\/institut\/wp-json\/wp\/v2\/pages\/303\/revisions\/1527"}],"wp:attachment":[{"href":"https:\/\/www.gfaop.org\/institut\/wp-json\/wp\/v2\/media?parent=303"}],"curies":[{"name":"wp","href":"https:\/\/api.w.org\/{rel}","templated":true}]}}