

{"id":772,"date":"2020-03-12T14:14:59","date_gmt":"2020-03-12T14:14:59","guid":{"rendered":"http:\/\/www.gfaop.org\/institut\/?page_id=772"},"modified":"2021-05-11T10:45:28","modified_gmt":"2021-05-11T08:45:28","slug":"les-prochaines-formations-en-soins-infirmiers","status":"publish","type":"page","link":"https:\/\/www.gfaop.org\/institut\/les-prochaines-formations-en-soins-infirmiers\/","title":{"rendered":"Les prochaines formations en soins infirmiers"},"content":{"rendered":"\t\t<div data-elementor-type=\"wp-page\" data-elementor-id=\"772\" class=\"elementor elementor-772\">\n\t\t\t\t\t\t\t\t\t<section class=\"elementor-section elementor-top-section elementor-element elementor-element-54f4226b elementor-section-boxed elementor-section-height-default elementor-section-height-default\" data-id=\"54f4226b\" data-element_type=\"section\">\n\t\t\t\t\t\t<div class=\"elementor-container elementor-column-gap-default\">\n\t\t\t\t\t<div class=\"elementor-column elementor-col-100 elementor-top-column elementor-element elementor-element-5505f8fc\" data-id=\"5505f8fc\" data-element_type=\"column\">\n\t\t\t<div class=\"elementor-widget-wrap elementor-element-populated\">\n\t\t\t\t\t\t\t\t<div class=\"elementor-element elementor-element-2c4fe2a7 elementor-widget elementor-widget-heading\" data-id=\"2c4fe2a7\" data-element_type=\"widget\" data-widget_type=\"heading.default\">\n\t\t\t\t<div class=\"elementor-widget-container\">\n\t\t\t<h2 class=\"elementor-heading-title elementor-size-default\">Les prochaines formations en soins infirmiers<\/h2>\t\t<\/div>\n\t\t\t\t<\/div>\n\t\t\t\t\t<\/div>\n\t\t<\/div>\n\t\t\t\t\t\t\t<\/div>\n\t\t<\/section>\n\t\t\t\t<section class=\"elementor-section elementor-top-section elementor-element elementor-element-68063306 elementor-section-boxed elementor-section-height-default elementor-section-height-default\" data-id=\"68063306\" data-element_type=\"section\">\n\t\t\t\t\t\t<div class=\"elementor-container elementor-column-gap-default\">\n\t\t\t\t\t<div class=\"elementor-column elementor-col-50 elementor-top-column elementor-element elementor-element-67570eac\" data-id=\"67570eac\" data-element_type=\"column\">\n\t\t\t<div class=\"elementor-widget-wrap elementor-element-populated\">\n\t\t\t\t\t\t\t\t<div class=\"elementor-element elementor-element-ad3828d elementor-widget elementor-widget-text-editor\" data-id=\"ad3828d\" data-element_type=\"widget\" data-widget_type=\"text-editor.default\">\n\t\t\t\t<div class=\"elementor-widget-container\">\n\t\t\t\t\t\t\t<p><span style=\"color: #ff9900;\"><strong>La formation aux fondamentaux\u00a0 en oncologie p\u00e9diatrique<\/strong><\/span><\/p><p>Mars 2021 &#8211; <span style=\"color: #ff0000;\"><strong>Formation- e-learning\/ TERMINEE<\/strong><\/span><\/p><p>Inscriptions closes<\/p><p>Nombre de places : 15 \u00e0 20<\/p><p>Pr\u00e9-requis : DE infirmier ou sage-femme<\/p><p><a href=\"contac@gfaop.org\"><strong>Nous contacter pour connaitre les prochaines formations<\/strong><\/a><\/p><p><span style=\"color: #ff9900;\"><strong>La licence en soins infirmiers en oncologie p\u00e9diatrique<\/strong><\/span><\/p><p>D\u00e9but mai 2021 <strong><span style=\"color: #ff0000;\">EN COURS<\/span><\/strong><\/p><p>Inscriptions closes<\/p><p>Nombre de places : 10 \u00e0 15<\/p><p>Pr\u00e9-requis : DE infirmier ou sage-femme, exp\u00e9rience professionnelle de 3 ans minimum\u00a0 dans un service d&#8217; oncologie p\u00e9diatrique<\/p><p><span style=\"color: #000000; font-family: Cambria, Georgia, serif; font-weight: bolder; font-size: 1rem;\">EN RAISON DE L&#8217;EPIDEMIE DE COVID CERTAINES MODIFICATIONS ONT D\u00db ETRE APPORTEES\u00a0<\/span><\/p><p><span style=\"color: #000000; font-family: Cambria, Georgia, serif; font-weight: bolder; font-size: 1rem;\">pour en savoir plus,\u00a0 contact: iafop-jl@gfaop.org<\/span><\/p>\t\t\t\t\t\t<\/div>\n\t\t\t\t<\/div>\n\t\t\t\t\t<\/div>\n\t\t<\/div>\n\t\t\t\t<div class=\"elementor-column elementor-col-50 elementor-top-column elementor-element elementor-element-488f281\" data-id=\"488f281\" data-element_type=\"column\">\n\t\t\t<div class=\"elementor-widget-wrap elementor-element-populated\">\n\t\t\t\t\t\t\t\t<div class=\"elementor-element elementor-element-f3f2f91 elementor-widget elementor-widget-html\" data-id=\"f3f2f91\" data-element_type=\"widget\" data-widget_type=\"html.default\">\n\t\t\t\t<div class=\"elementor-widget-container\">\n\t\t\t<iframe loading=\"lazy\" src=\"https:\/\/www.google.com\/maps\/d\/u\/0\/embed?mid=13RX7EKEyJ4x672Se25Jva5iac4U\" width=\"640\" height=\"480\"><\/iframe>\t\t<\/div>\n\t\t\t\t<\/div>\n\t\t\t\t\t<\/div>\n\t\t<\/div>\n\t\t\t\t\t\t\t<\/div>\n\t\t<\/section>\n\t\t\t\t<section class=\"elementor-section elementor-top-section elementor-element elementor-element-efbda36 elementor-section-boxed elementor-section-height-default elementor-section-height-default\" data-id=\"efbda36\" data-element_type=\"section\">\n\t\t\t\t\t\t<div class=\"elementor-container elementor-column-gap-default\">\n\t\t\t\t\t\t\t\t<\/div>\n\t\t<\/section>\n\t\t\t\t<section class=\"elementor-section elementor-top-section elementor-element elementor-element-9a3de6e elementor-section-boxed elementor-section-height-default elementor-section-height-default\" data-id=\"9a3de6e\" data-element_type=\"section\">\n\t\t\t\t\t\t<div class=\"elementor-container elementor-column-gap-default\">\n\t\t\t\t\t<div class=\"elementor-column elementor-col-100 elementor-top-column elementor-element elementor-element-2237a38\" data-id=\"2237a38\" data-element_type=\"column\">\n\t\t\t<div class=\"elementor-widget-wrap elementor-element-populated\">\n\t\t\t\t\t\t\t\t\t<\/div>\n\t\t<\/div>\n\t\t\t\t\t\t\t<\/div>\n\t\t<\/section>\n\t\t\t\t\t\t\t<\/div>\n\t\t","protected":false},"excerpt":{"rendered":"<p>La formation aux fondamentaux\u00a0 en oncologie p\u00e9diatrique Mars 2021 &#8211; Formation- e-learning\/ TERMINEE Inscriptions closes Nombre de places : 15 \u00e0 20 Pr\u00e9-requis : DE infirmier ou sage-femme Nous contacter pour connaitre les prochaines formations La licence en soins infirmiers en oncologie p\u00e9diatrique D\u00e9but mai 2021 EN COURS Inscriptions closes Nombre de places : 10 [&hellip;]<\/p>\n","protected":false},"author":10,"featured_media":0,"parent":0,"menu_order":0,"comment_status":"closed","ping_status":"closed","template":"elementor_header_footer","meta":{"footnotes":"","_links_to":"","_links_to_target":""},"yoast_head":"<!-- This site is optimized with the Yoast SEO Premium plugin v20.4 (Yoast SEO v20.4) - https:\/\/yoast.com\/wordpress\/plugins\/seo\/ -->\n<title>Les prochaines formations en soins infirmiers - Institut Jean Lemerle<\/title>\n<meta name=\"description\" content=\"des formations sp\u00e9cifiques en oncologie p\u00e9diatrique sont propos\u00e9es aux infirmiers \u00e0 Dakar, pour en savoir plus\" \/>\n<meta name=\"robots\" content=\"index, follow, max-snippet:-1, max-image-preview:large, max-video-preview:-1\" \/>\n<link rel=\"canonical\" href=\"https:\/\/www.gfaop.org\/institut\/les-prochaines-formations-en-soins-infirmiers\/\" \/>\n<meta property=\"og:locale\" content=\"fr_FR\" \/>\n<meta property=\"og:type\" content=\"article\" \/>\n<meta property=\"og:title\" content=\"Les prochaines formations en soins infirmiers\" \/>\n<meta property=\"og:description\" content=\"des formations sp\u00e9cifiques en oncologie p\u00e9diatrique sont propos\u00e9es aux infirmiers \u00e0 Dakar, pour en savoir plus\" \/>\n<meta property=\"og:url\" content=\"https:\/\/www.gfaop.org\/institut\/les-prochaines-formations-en-soins-infirmiers\/\" \/>\n<meta property=\"og:site_name\" content=\"Institut Jean Lemerle\" \/>\n<meta property=\"article:modified_time\" content=\"2021-05-11T08:45:28+00:00\" \/>\n<meta name=\"twitter:card\" content=\"summary_large_image\" \/>\n<meta name=\"twitter:label1\" content=\"Dur\u00e9e de lecture estim\u00e9e\" \/>\n\t<meta name=\"twitter:data1\" content=\"1 minute\" \/>\n<script type=\"application\/ld+json\" class=\"yoast-schema-graph\">{\"@context\":\"https:\/\/schema.org\",\"@graph\":[{\"@type\":\"WebPage\",\"@id\":\"https:\/\/www.gfaop.org\/institut\/les-prochaines-formations-en-soins-infirmiers\/\",\"url\":\"https:\/\/www.gfaop.org\/institut\/les-prochaines-formations-en-soins-infirmiers\/\",\"name\":\"Les prochaines formations en soins infirmiers - Institut Jean Lemerle\",\"isPartOf\":{\"@id\":\"https:\/\/www.gfaop.org\/institut\/#website\"},\"datePublished\":\"2020-03-12T14:14:59+00:00\",\"dateModified\":\"2021-05-11T08:45:28+00:00\",\"description\":\"des formations sp\u00e9cifiques en oncologie p\u00e9diatrique sont propos\u00e9es aux infirmiers \u00e0 Dakar, pour en savoir plus\",\"breadcrumb\":{\"@id\":\"https:\/\/www.gfaop.org\/institut\/les-prochaines-formations-en-soins-infirmiers\/#breadcrumb\"},\"inLanguage\":\"fr-FR\",\"potentialAction\":[{\"@type\":\"ReadAction\",\"target\":[\"https:\/\/www.gfaop.org\/institut\/les-prochaines-formations-en-soins-infirmiers\/\"]}]},{\"@type\":\"BreadcrumbList\",\"@id\":\"https:\/\/www.gfaop.org\/institut\/les-prochaines-formations-en-soins-infirmiers\/#breadcrumb\",\"itemListElement\":[{\"@type\":\"ListItem\",\"position\":1,\"name\":\"Accueil\",\"item\":\"https:\/\/www.gfaop.org\/institut\/\"},{\"@type\":\"ListItem\",\"position\":2,\"name\":\"Les prochaines formations en soins infirmiers\"}]},{\"@type\":\"WebSite\",\"@id\":\"https:\/\/www.gfaop.org\/institut\/#website\",\"url\":\"https:\/\/www.gfaop.org\/institut\/\",\"name\":\"Institut Jean Lemerle\",\"description\":\"\",\"publisher\":{\"@id\":\"https:\/\/www.gfaop.org\/institut\/#organization\"},\"potentialAction\":[{\"@type\":\"SearchAction\",\"target\":{\"@type\":\"EntryPoint\",\"urlTemplate\":\"https:\/\/www.gfaop.org\/institut\/?s={search_term_string}\"},\"query-input\":\"required name=search_term_string\"}],\"inLanguage\":\"fr-FR\"},{\"@type\":\"Organization\",\"@id\":\"https:\/\/www.gfaop.org\/institut\/#organization\",\"name\":\"Institut Jean Lemerle\",\"url\":\"https:\/\/www.gfaop.org\/institut\/\",\"logo\":{\"@type\":\"ImageObject\",\"inLanguage\":\"fr-FR\",\"@id\":\"https:\/\/www.gfaop.org\/institut\/#\/schema\/logo\/image\/\",\"url\":\"https:\/\/www.gfaop.org\/institut\/wp-content\/uploads\/sites\/3\/2024\/03\/GFAOP_Logo_Horizontal_baseline_sans_fond.png\",\"contentUrl\":\"https:\/\/www.gfaop.org\/institut\/wp-content\/uploads\/sites\/3\/2024\/03\/GFAOP_Logo_Horizontal_baseline_sans_fond.png\",\"width\":6211,\"height\":1821,\"caption\":\"Institut Jean Lemerle\"},\"image\":{\"@id\":\"https:\/\/www.gfaop.org\/institut\/#\/schema\/logo\/image\/\"}}]}<\/script>\n<!-- \/ Yoast SEO Premium plugin. -->","yoast_head_json":{"title":"Les prochaines formations en soins infirmiers - Institut Jean Lemerle","description":"des formations sp\u00e9cifiques en oncologie p\u00e9diatrique sont propos\u00e9es aux infirmiers \u00e0 Dakar, pour en savoir plus","robots":{"index":"index","follow":"follow","max-snippet":"max-snippet:-1","max-image-preview":"max-image-preview:large","max-video-preview":"max-video-preview:-1"},"canonical":"https:\/\/www.gfaop.org\/institut\/les-prochaines-formations-en-soins-infirmiers\/","og_locale":"fr_FR","og_type":"article","og_title":"Les prochaines formations en soins infirmiers","og_description":"des formations sp\u00e9cifiques en oncologie p\u00e9diatrique sont propos\u00e9es aux infirmiers \u00e0 Dakar, pour en savoir plus","og_url":"https:\/\/www.gfaop.org\/institut\/les-prochaines-formations-en-soins-infirmiers\/","og_site_name":"Institut Jean Lemerle","article_modified_time":"2021-05-11T08:45:28+00:00","twitter_card":"summary_large_image","twitter_misc":{"Dur\u00e9e de lecture estim\u00e9e":"1 minute"},"schema":{"@context":"https:\/\/schema.org","@graph":[{"@type":"WebPage","@id":"https:\/\/www.gfaop.org\/institut\/les-prochaines-formations-en-soins-infirmiers\/","url":"https:\/\/www.gfaop.org\/institut\/les-prochaines-formations-en-soins-infirmiers\/","name":"Les prochaines formations en soins infirmiers - Institut Jean Lemerle","isPartOf":{"@id":"https:\/\/www.gfaop.org\/institut\/#website"},"datePublished":"2020-03-12T14:14:59+00:00","dateModified":"2021-05-11T08:45:28+00:00","description":"des formations sp\u00e9cifiques en oncologie p\u00e9diatrique sont propos\u00e9es aux infirmiers \u00e0 Dakar, pour en savoir plus","breadcrumb":{"@id":"https:\/\/www.gfaop.org\/institut\/les-prochaines-formations-en-soins-infirmiers\/#breadcrumb"},"inLanguage":"fr-FR","potentialAction":[{"@type":"ReadAction","target":["https:\/\/www.gfaop.org\/institut\/les-prochaines-formations-en-soins-infirmiers\/"]}]},{"@type":"BreadcrumbList","@id":"https:\/\/www.gfaop.org\/institut\/les-prochaines-formations-en-soins-infirmiers\/#breadcrumb","itemListElement":[{"@type":"ListItem","position":1,"name":"Accueil","item":"https:\/\/www.gfaop.org\/institut\/"},{"@type":"ListItem","position":2,"name":"Les prochaines formations en soins infirmiers"}]},{"@type":"WebSite","@id":"https:\/\/www.gfaop.org\/institut\/#website","url":"https:\/\/www.gfaop.org\/institut\/","name":"Institut Jean Lemerle","description":"","publisher":{"@id":"https:\/\/www.gfaop.org\/institut\/#organization"},"potentialAction":[{"@type":"SearchAction","target":{"@type":"EntryPoint","urlTemplate":"https:\/\/www.gfaop.org\/institut\/?s={search_term_string}"},"query-input":"required name=search_term_string"}],"inLanguage":"fr-FR"},{"@type":"Organization","@id":"https:\/\/www.gfaop.org\/institut\/#organization","name":"Institut Jean Lemerle","url":"https:\/\/www.gfaop.org\/institut\/","logo":{"@type":"ImageObject","inLanguage":"fr-FR","@id":"https:\/\/www.gfaop.org\/institut\/#\/schema\/logo\/image\/","url":"https:\/\/www.gfaop.org\/institut\/wp-content\/uploads\/sites\/3\/2024\/03\/GFAOP_Logo_Horizontal_baseline_sans_fond.png","contentUrl":"https:\/\/www.gfaop.org\/institut\/wp-content\/uploads\/sites\/3\/2024\/03\/GFAOP_Logo_Horizontal_baseline_sans_fond.png","width":6211,"height":1821,"caption":"Institut Jean Lemerle"},"image":{"@id":"https:\/\/www.gfaop.org\/institut\/#\/schema\/logo\/image\/"}}]}},"_links":{"self":[{"href":"https:\/\/www.gfaop.org\/institut\/wp-json\/wp\/v2\/pages\/772"}],"collection":[{"href":"https:\/\/www.gfaop.org\/institut\/wp-json\/wp\/v2\/pages"}],"about":[{"href":"https:\/\/www.gfaop.org\/institut\/wp-json\/wp\/v2\/types\/page"}],"author":[{"embeddable":true,"href":"https:\/\/www.gfaop.org\/institut\/wp-json\/wp\/v2\/users\/10"}],"replies":[{"embeddable":true,"href":"https:\/\/www.gfaop.org\/institut\/wp-json\/wp\/v2\/comments?post=772"}],"version-history":[{"count":23,"href":"https:\/\/www.gfaop.org\/institut\/wp-json\/wp\/v2\/pages\/772\/revisions"}],"predecessor-version":[{"id":1662,"href":"https:\/\/www.gfaop.org\/institut\/wp-json\/wp\/v2\/pages\/772\/revisions\/1662"}],"wp:attachment":[{"href":"https:\/\/www.gfaop.org\/institut\/wp-json\/wp\/v2\/media?parent=772"}],"curies":[{"name":"wp","href":"https:\/\/api.w.org\/{rel}","templated":true}]}}